se -7*f = -9*f + 288. Calculate the greatest common divisor of v and f.
18
Suppose -2*z = -3*g + 2708, -5*z - 894 = -3*g + 2*g. Suppose -3*k + g = 277. Calculate the greatest common factor of 19 and k.
19
Suppose 16*j - 19*j + 9 = 0. Let p be ((-20)/12)/(j/(-153)). Calculate the greatest common factor of 34 and p.
17
Let o be 119/(-28) + 3 + 362/8. What is the greatest common factor of o and 55?
11
Suppose -4 = -8*l + 4*l. Let b(d) = 64*d. Let x be b(l). Let t be 3*(-2 - x/(-6)). What is the greatest common divisor of t and 13?
13
Suppose 5*v - 428 = 2*v - 4*z, -5*v = -4*z - 692. Calculate the highest common divisor of 350 and v.
70
Suppose -22*h + 6*h + 48 = 0. Suppose -2*c + 4*u + 278 = 0, -h*u + 578 = 4*c - 0*u. Calculate the highest common factor of 13 and c.
13
Let r(t) = -32*t - 4. Let h be r(-2). Let w be (-184)/(-9) - (-1 - (-13)/9). What is the greatest common factor of w and h?
20
Let v(j) = -j**3 - 4*j**2 + 3*j + 8. Let m be v(-4). Let q be (-265)/(-10) + m/8. Let f = -9 - -48. Calculate the highest common factor of f and q.
13
Let b(k) = 3*k**2 - 5*k - 174. Let x be b(9). Calculate the greatest common divisor of x and 2472.
24
Let a be -2*(0 - (-20)/(-8)). Let k be -3 + a + -5 - -11. Calculate the greatest common factor of k and 32.
8
Let s = 2733 - 2713. What is the highest common factor of s and 375?
5
Suppose 182 = 4*t + 3*t. Let b = -320 - -424. What is the greatest common factor of t and b?
26
Let x(i) = 3*i**3 + 25*i**2 - 21*i - 176. Let d be x(-8). Let g be 3*(-3)/((-18)/16). What is the highest common divisor of d and g?
8
Let m = 23 - -19. Suppose 3*d - 3 - m = 0. Suppose 0 = 3*z - z - 30. What is the greatest common divisor of d and z?
15
Let u(k) = -k - 1. Let h be u(-5). Let l = 11 + h. Let s be 1575/(-10)*(-12)/l. What is the highest common factor of s and 14?
14
Suppose -3*a + 0*a = -2*k - 3, 0 = 4*k + 3*a + 33. Let f be (-392)/k + 17/(-51). Suppose 0*n + n = f. Calculate the greatest common factor of n and 13.
13
Suppose 0 = -3*c, 0*c = 3*h - 2*c - 165. Calculate the greatest common divisor of 385 and h.
55
Suppose 2*a - 28 = -4*d + 12, 4*a - 2*d = 60. Calculate the highest common divisor of 2784 and a.
16
Let m(v) = v - 8 + 20 + v**2 - 6*v - 10*v. Let b be m(15). Calculate the highest common factor of 18 and b.
6
Let v(c) = 12*c. Let z be v(1). Let s be (-4)/(-6) - (-244)/z. Calculate the highest common divisor of 147 and s.
21
Let y be -1 + 42 + (-1 - -8). Let h be 14 + (0 - (-1 + -1)). Calculate the highest common divisor of h and y.
16
Let t = 212 - 191. What is the highest common factor of 28 and t?
7
Let x(b) be the first derivative of -b**3/3 + 4*b**2 - b - 1. Let v = -291 + 298. Let n be x(v). What is the greatest common divisor of 54 and n?
6
Suppose -5*j + i = -1785, -5*j + 4*j + 336 = 4*i. Suppose 5*m - 1356 = -j. Calculate the greatest common factor of m and 25.
25
Let g(n) = n**3 + 5*n**2 - 14*n + 4. Let x be g(3). Let u(r) = r**2 + 2*r - 5. Let y be u(4). Let m = 87 - y. Calculate the greatest common divisor of m and x.
34
Suppose -1 = -3*a + 11. Suppose a*l - 11 = -3. Calculate the greatest common divisor of l and 6.
2
Let h be 60*(-2)/14*(-483)/6. What is the greatest common factor of h and 30?
30
Suppose -6*z + 84 + 12 = 0. Suppose 5*g - 4*g = z. What is the greatest common divisor of g and 2?
2
Let d = -19 - -22. Suppose 0*z + d*z = 15. Let t(n) = n**2 - 4*n + 3. Let r be t(z). What is the highest common divisor of 16 and r?
8
Let y = -245 - -272. Calculate the highest common divisor of 243 and y.
27
Suppose -4*y - 296 - 164 = -4*d, 2*y = -d + 112. Let s(v) = v**2 - 13*v - 584. Let z be s(33). Calculate the greatest common divisor of z and d.
38
Let c be 16/(-5)*(36/(-8) + 2). Let k be (-16 - 4)*(-4)/c*1. Calculate the greatest common factor of k and 40.
10
Let i be (4 - -2)/(15/50). Suppose -76*b - i = -78*b. Suppose 3*v - 32 = 208. What is the highest common divisor of b and v?
10
Let h = 68 + -122. Let o = h + 58. What is the highest common divisor of o and 44?
4
Let c be ((-56)/(-70))/(4/900). Suppose -4*r + 76 = -68. Calculate the greatest common divisor of r and c.
36
Let a be -11*1*(-3 - -2). Suppose 0 = o + 3*j - 17, j - 27 = -3*o + 8. What is the greatest common divisor of o and a?
11
Let a = -17 + 15. Let k be 2 + 4 + a + 4. What is the highest common divisor of 56 and k?
8
Suppose -9*m + 650 = -4*m. Suppose -9*c + 14*c - m = 0. What is the highest common factor of c and 39?
13
Suppose d = -29 + 169. Let i = d - 5. What is the highest common factor of 15 and i?
15
Let v = 1567 - 1540. Calculate the highest common factor of 3213 and v.
27
Let u = -904 + 929. Calculate the greatest common divisor of 1 and u.
1
Suppose -5*g + 2*d = -5683, g + d = -4*d + 1115. Suppose 6*w + 91 = g. What is the highest common factor of 29 and w?
29
Suppose p - 69 + 16 = 0. Suppose i = 39 + p. Calculate the highest common divisor of i and 23.
23
Let t be 7 + 38 + 3 + 4. What is the greatest common divisor of t and 351?
13
Let n be (-1 - 52/(-10))*5. Let h = 9 - n. Let m be (-348)/(-16) - 3/h. What is the highest common factor of m and 110?
22
Let y(u) = u**3 - 13*u**2 + 7*u. Let d be y(5). Let k = -60 - d. Suppose 0 = -f + 3*r + k, -3*r = f - 35 - 64. What is the greatest common divisor of f and 17?
17
Let i(a) = -48 - 96 + 102 + 18*a - 4*a. Let v be i(5). What is the highest common factor of v and 4?
4
Let q = -200 - -284. Let m be (6 - (-1 + 3)) + (-42 - -59). What is the greatest common factor of m and q?
21
Let m(u) = u**3 - 13*u**2 + 4*u - 24. Let x be m(13). Calculate the highest common divisor of 4 and x.
4
Let m(b) = -5*b - 85. Let r be m(-20). Let u(i) = i + 21. Let n be u(r). Calculate the highest common factor of 180 and n.
36
Suppose -66*w + 27968 = -20*w. Calculate the highest common divisor of 76 and w.
76
Let n = -18 - -94. Suppose 0 = -a + 4*l - n + 21, 4*a + 220 = -3*l. Let v = -39 - a. Calculate the greatest common factor of v and 176.
16
Suppose 0 = -n + 4 + 2, -14*z = 4*n - 808. Let o(i) = 57*i - 1. Let x be o(1). Calculate the highest common divisor of z and x.
56
Let w(l) be the third derivative of -l**4/24 + 10*l**3/3 - 8*l**2. Let g be w(17). What is the highest common divisor of g and 33?
3
Let a(q) = -6*q - 11. Let d be a(-10). Calculate the greatest common factor of d and 637.
49
Let x be (-8)/(-6) + (1001/(-3))/(-7). Suppose -x + 465 = 4*o - 5*t, -2*o = -2*t - 206. What is the highest common factor of 9 and o?
9
Let a(w) = 17*w - 72. Let x be a(8). Calculate the greatest common factor of x and 32.
32
Let h = 170 + -116. Suppose -10 = -0*b + 5*b, -4*f - 8 = 4*b. Suppose f = 5*g, y - 3 - 3 = 4*g. What is the highest common divisor of y and h?
6
Suppose -g + 2*g - 36 = 0. Let o = g + -60. Let h be (2 - (-5)/(-1))*o. What is the greatest common factor of h and 18?
18
Let k be ((-28)/21)/(2/(-6)). Suppose 75 = p + k*p. Calculate the greatest common divisor of p and 120.
15
Let r = -22 + 231. Let w be 1*-5*152/(-40). What is the highest common factor of w and r?
19
Suppose 3*o + 2*j - 66 = 0, 14*o - 3*j = 9*o + 91. Calculate the highest common factor of o and 15.
5
Let r(m) = -4*m - 39. Let v be r(-9). Let k = v + 13. What is the highest common factor of 60 and k?
10
Suppose -5*j + 418 + 230 = 3*m, 5*j - 652 = -2*m. What is the greatest common factor of j and 36?
12
Let v(h) = -6*h - 17. Let g be v(-11). Let m = 81 - g. Calculate the greatest common divisor of 128 and m.
32
Let m be (1 + 235/10)*-2. Let u = m - -140. What is the greatest common divisor of u and 26?
13
Suppose -29*a + 312 = -5*a. Calculate the highest common divisor of a and 104.
13
Let j(h) be the second derivative of 55*h**3/6 + h**2 - 11*h. Let i be j(2). Calculate the greatest common factor of i and 28.
28
Let b = -237 - -256. Calculate the highest common divisor of 513 and b.
19
Let d = 28 - 23. Suppose -121 = -4*f + 183. Suppose 5*v - f = 124. What is the greatest common divisor of d and v?
5
Suppose f - 5 = 0, -3*h - 19 = 85*f - 87*f. Suppose -3*o = o - 100. Let u = o - h. Calculate the highest common divisor of 42 and u.
14
Let t = -4 + 9. Let q(p) = p**3 - 6*p**2 + 13*p - 14. Let m be q(4). Suppose m*k + k - 245 = 0. What is the greatest common factor of k and t?
5
Let l(u) = 11*u + 3. Let x be l(3). Let g = 10